 9.
-874
What is -18256 (base 13) in base 11?
-31a75
Convert 3a0 (base 14) to base 7.
2060
3275 (base 14) to base 10
8727
Convert 240114 (base 6) to base 14.
7806
What is 202 (base 12) in base 6?
1202
What is -540b (base 12) in base 9?
-13582
Convert 5398 (base 11) to base 7.
26526
What is -135400 (base 6) in base 8?
-31130
What is 4a (base 16) in base 8?
112
Convert -1110110111 (base 2) to base 15.
-436
1252 (base 13) to base 2
101000101010
What is -2110211 (base 3) in base 16?
-70c
-3550 (base 12) to base 14
-2260
-33744 (base 11) to base 16
-beab
517 (base 9) to base 3
120121
Convert -222322 (base 4) to base 6.
-20414
What is -6516 (base 12) in base 2?
-10101101100010
-23585 (base 11) to base 16
-84b5
What is -133131 (base 6) in base 4?
-3001033
What is -8f9 (base 16) in base 7?
-6461
What is -9067 (base 10) in base 2?
-10001101101011
Convert -40 (base 11) to base 14.
-32
Convert -99c (base 13) to base 3.
-2021010
7ead (base 16) to base 12
16925
Convert 153050 (base 6) to base 2.
11101001010110
What is -652 (base 10) in base 3?
-220011
-4415 (base 6) to base 7
-2654
Convert 111000001101111 (base 2) to base 13.
10141
-1208c (base 14) to base 10
-44028
What is 1011010101 (base 2) in base 5?
10400
What is 130 (base 5) in base 3?
1111
-d44 (base 15) to base 7
-11500
What is 110010010010 (base 2) in base 13?
1607
Convert 1110111111 (base 2) to base 6.
4235
317c (base 16) to base 3
122101012
What is 202144 (base 6) in base 8?
37260
41075 (base 10) to base 7
230516
Convert 703a (base 13) to base 16.
3c44
What is -868 (base 16) in base 13?
-c97
What is 22211 (base 3) in base 7?
460
What is 111110000 (base 2) in base 5?
3441
What is 118c (base 13) in base 2?
100110110010
What is 1121210 (base 3) in base 2?
10010011110
Convert 1000101110 (base 2) to base 8.
1056
What is -31 (base 5) in base 15?
-11
What is 3389 (base 12) in base 14?
2129
What is 58 (base 14) in base 5?
303
What is a1b (base 13) in base 16?
6b2
Convert -1661 (base 7) to base 2.
-1010101000
What is -1101100111 (base 2) in base 9?
-1167
Convert -101 (base 14) to base 15.
-d2
Convert -30526 (base 8) to base 15.
-3b20
114323 (base 6) to base 3
111210120
What is -110000000111001 (base 2) in base 3?
-1020210100
Convert 1927 (base 16) to base 6.
45451
What is 16950 (base 12) in base 4?
13323030
-543 (base 10) to base 11
-454
What is -1430 (base 8) in base 2?
-1100011000
Convert 1012122 (base 4) to base 14.
18dc
Convert -11b (base 12) to base 7.
-326
Convert -1011111111110 (base 2) to base 12.
-367a
Convert 2e4 (base 15) to base 14.
356
1324 (base 8) to base 6
3204
What is -5600 (base 9) in base 8?
-10043
Convert 1020022001 (base 3) to base 8.
57322
Convert -1309 (base 10) to base 2.
-10100011101
123451 (base 8) to base 12
20921
Convert 14146 (base 13) to base 3.
1220112201
20515 (base 7) to base 4
1033003
Convert -30204 (base 5) to base 13.
-b55
What is 201333 (base 6) in base 13?
730b
Convert -803 (base 10) to base 16.
-323
What is -42141 (base 6) in base 5?
-140202
What is 2150 (base 8) in base 10?
1128
5ce4 (base 16) to base 11
16959
-10a1 (base 11) to base 7
-4130
Convert 49c (base 14) to base 16.
39a
-12a13 (base 13) to base 15
-a40b
44a5 (base 14) to base 2
10111010000001
Convert -20222 (base 4) to base 5.
-4204
202022012 (base 3) to base 8
34721
What is -20112 (base 3) in base 12?
-128
What is 100000111100 (base 2) in base 12?
1278
Convert -13314 (base 6) to base 13.
-c28
Convert -646 (base 8) to base 13.
-266
What is -7484 (base 15) in base 10?
-24649
50101 (base 6) to base 12
3931
-22100 (base 4) to base 9
-808
Convert -2014 (base 7) to base 14.
-37b
What is -26a7 (base 11) in base 5?
-103010
What is 2201200 (base 3) in base 16?
7c5
Convert 14514 (base 6) to base 14.
bdc
What is -1781 (base 9) in base 15?
-614
Convert 23b (base 16) to base 12.
3b7
Convert 235 (base 13) to base 9.
464
-3c (base 13) to base 8
-63
Convert -35a (base 14) to base 8.
-1234
30248 (base 11) to base 16
acb9
-110442 (base 5) to base 15
-1232
What is 101010200 (base 3) in base 6?
54113
10001100100 (base 2) to base 6
5112
-542 (base 7) to base 10
-275
Convert 703 (base 12) to base 8.
1763
Convert 424 (base 12) to base 13.
376
-233130 (base 4) to base 16
-bdc
Convert -108d (base 14) to base 15.
-cb4
-1101111001010 (base 2) to base 16
-1bca
What is 5491 (base 10) in base 14?
2003
Convert 443314 (base 5) to base 16.
3c63
What is -14220 (base 6) in base 10?
-2244
131000 (base 4) to base 6
12332
11132 (base 4) to base 12
252
Convert 4424 (base 6) to base 10.
1024
314414 (base 5) to base 12
6181
-9ba (base 13) to base 16
-68a
What is 106e (base 15) in base 10?
3479
Convert 1110102 (base 3) to base 11.
888
What is -417 (base 8) in base 6?
-1131
101244 (base 6) to base 15
25e7
331 (base 8) to base 5
1332
Convert -11021100202 (base 3) to base 4.
-110202002
-113 (base 9) to base 14
-69
6512 (base 10) to base 8
14560
-241 (base 6) to base 2
-1100001
Convert 20243 (base 7) to base 6.
34455
Convert -13236 (base 10) to base 4.
-3032310
-7217 (base 8) to base 5
-104402
-65d1 (base 15) to base 3
-1002120221
Convert -7173 (base 8) to base 10.
-3707
What is 4071 (base 9) in base 16?
ba4
What is -63662 (base 7) in base 4?
-3312131
What is 1010101100 (base 2) in base 3?
221100
6a5 (base 11) to base 4
31021
Convert a50 (base 16) to base 14.
d68
-32233 (base 4) to base 15
-42d
What is -394 (base 12) in base 14?
-2ac
-162 (base 8) to base 10
-114
Convert -43031 (base 5) to base 8.
-5513
Convert 20621 (base 11) to base 6.
351011
What is -12131 (base 4) in base 6?
-1525
53351 (base 6) to base 8
16143
6640 (base 9) to base 7
20163
What is 10103 (base 4) in base 11?
230
5d3 (base 14) to base 12
811
What is -11010 (base 4) in base 14?
-192
24154 (base 11) to base 12
1816a
Convert 636 (base 15) to base 3.
1220220
22342 (base 5) to base 11
1222
What is 8a0e (base 15) in base 5?
1414024
78d (base 14) to base 16
5d9
d93 (base 15) to base 7
11634
11011000100 (base 2) to base 14
8ba
Convert -9856 (base 14) to base 12.
-132b0
60a9 (base 13) to base 3
200021101
What is -12332 (base 4) in base 6?
-2022
101001 (base 3) to base 8
417
-65b9 (base 16) to base 12
-130a1
What is -a4d (base 14) in base 12?
-1211
-9921 (base 16) to base 7
-222201
32002 (base 4) to base 2
1110000010
What is -3623 (base 12) in base 6?
-44043
Convert -44441 (base 5) to base 16.
-c31
-1002032 (base 4) to base 10
-4238
360a5 (base 12) to base 13
27125
-dc4 (base 16) to base 9
-4745
What is -1000001010 (base 2) in base 12?
-376
What is -4c8 (base 13) in base 2?
-1101001000
2456 (base 9) to base 2
11100101001
-31412 (base 5) to base 16
-83b
134 (base 13) to base 9
255
What is 209 (base 10) in base 3?
21202
Convert 11022 (base 4) to base 2.
101001010
What is 114 (base 5) in base 2?
100010
What is 29750 (base 10) in base 2?
111010000110110
Convert 1434 (base 5) to base 9.
301
Convert 47d4 (base 14) to base 3.
122012020
292 (base 13) to base 15
207
3102 (base 4) to base 9
253
-1100111110 (base 2) to base 5
-11310
Convert a3cc (base 15) to base 9.
52433
What is 12403 (base 7) in base 15?
e91
What is -2100 (base 4) in base 10?
-144
Convert -1021021000 (base 3) to base 12.
-12553
What is 72 (base 15) in base 6?
255
Convert 3598 (base 16) to base 12.
7b34
-204 (base 11) to base 7
-501
What is -3533 (base 10) in base 15?
-10a8
What is -617 (base 10) in base 6?
-2505
-11201010 (base 3) to base 2
-110101101000
Convert 5111 (base 7) to base 15.
7d2
What is 292 (base 12) in base 14?
206
-3b2 (base 13) to base 16
-28c
Convert -263 (base 11) to base 5.
-2221
What is -2243244 (base 5) in base 2?
-1001111000000001
What is 7991 (base 11) in base 10?
10506
Convert -1111001 (base 2) to base 11.
-100
Convert -204004 (base 6) to base 16.
-4024
Convert -1175 (base 8) to base 12.
-451
Convert 1224110 (base 5) to base 14.
8899
-8194 (base 13) to base 16
-45ca
Convert -18 (base 13) to base 16.
-15
What is -1ac2 (base 14) in base 4?
-1030022
Convert 124220 (base 6) to base 13.
51c6
Convert 95a9 (base 14) to base 13.
b9a7
14 (base 14) to base 3
200
Convert -1000101010110 (base 2) to base 10.
-4438
Convert 1430542 (base 6) to base 7.
460433
Convert 2411 (base 5) to base 14.
1b6
Convert 124400 (base 6) to base 14.
4208
Convert 1100110 (base 3) to base 5.
12414
17366 (base 8) to base 12
4706
Convert 7d5